)/4). Suppose 5*t - 69 = -p*f, f + j = 3*t - t. Is t a composite number?
False
Let a(x) = -x**3 - 4*x**2 + 4*x + 5. Is a(-5) a prime number?
False
Let r(g) be the third derivative of -1/30*g**5 - 2*g**2 + 1/3*g**3 - 1/120*g**6 + 0 - 1/24*g**4 + 0*g. Is r(-2) a composite number?
True
Let p(w) = 35*w**2 - 5*w - 10. Let q be p(-11). Is (2/4)/(4/q) prime?
False
Let x(q) = -q**3 + 9*q**2 + 2*q - 9. Let t be x(6). Suppose 0*r = 3*r - t. Is r a prime number?
True
Let i = 773 + -436. Is i a prime number?
True
Let z(p) = 2*p**3 - 5*p**2 - 3*p - 2. Let c be (-14)/18 - (-10)/(-45). Let t be (1 - 2)*c - -3. Is z(t) a composite number?
True
Suppose -2 = -y + u - 5, -4*u = -3*y - 12. Suppose -5*q + 429 - 164 = y. Is q composite?
False
Suppose 18 = 3*a - 0*a. Is ((-4)/a)/(12/(-3438)) composite?
False
Let v(f) = 3*f. Let w be v(1). Let a be (-1)/(-3) - 104/6. Is (w - 1 - a) + 0 a prime number?
True
Let v = 7673 - 5442. Is v a composite number?
True
Suppose 5*n = 7*n + 4. Let b(p) = -64*p - 1. Is b(n) a composite number?
False
Is (-2)/(675/(-669) + 1) a composite number?
False
Suppose -j - 3*j = -2*h + 146, 4*h - j = 285. Is h a composite number?
False
Let w = 51 + -23. Suppose 26*v = w*v - 314. Is v a composite number?
False
Suppose 0*p + 3 = 3*p. Suppose p + 1 = -a. Is 3 + a + -2 + 7 composite?
True
Suppose -7 - 8 = -5*x. Suppose -x*c + c + 4 = 0. Suppose 2*w - 168 = -5*i, -c*i + 73 = -3*w - 2*w. Is i a prime number?
False
Let y(s) = 14*s**2 + 3*s + 3. Let z be y(-3). Suppose 0 = -2*f - f + z. Suppose 5*c - 25 = f. Is c a composite number?
False
Suppose -2*k + 110 = 3*f - f, -2*f + 118 = 4*k. Let m = 134 - f. Is m composite?
False
Let i = 6 + 5. Is i composite?
False
Let r = -341 - -1230. Is r a composite number?
True
Let w(u) = -10*u - 1. Let y(o) be the third derivative of o**6/120 + o**5/10 - 5*o**4/24 + 3*o**3/2 - o**2. Let m be y(-7). Is w(m) a composite number?
True
Suppose -5*n = 4*h - 333, 0 = -3*n - n + h + 258. Is n composite?
True
Suppose 12*s = -5*s + 3417. Is s a prime number?
False
Suppose -4*g - 2*h + 811 = g, 3*g + h = 486. Is g a composite number?
True
Suppose 0 = i + i - 10. Suppose -232 = -i*p + 103. Is p prime?
True
Let q = 683 - 441. Suppose 77 - q = -5*u. Is u prime?
False
Suppose 5*n = -7 + 27. Suppose -5*v - n*k = -v - 196, -k = 0. Is v a prime number?
False
Let a = 60 + -222. Let i be a + 1 - (-4 + 2). Is (-2)/(-5) + i/(-15) prime?
True
Suppose t + 2 = -3*p, 1 = -2*t + 3. Is 13*1/(p - -2) prime?
True
Let l(z) be the second derivative of -z**3/6 + 5*z**2/2 + 3*z. Let q be l(5). Suppose -6 = f + 5*a, q*f = -f - 2*a. Is f prime?
False
Let h(p) = -p**3 + 11*p**2 - 11*p + 8. Let t be h(10). Let u be -2 + 4 + t + -5. Is (-1327)/u + 2/(-5) a prime number?
False
Suppose -4*i = -4*b - 64, -i + 3*b = -4*i + 78. Let t = i + -14. Is t a prime number?
True
Let s(q) = q + 12. Let r be s(-7). Suppose l = 3*w - 27 - 68, 3*w = r*l + 115. Suppose 2*t = 106 - w. Is t a prime number?
False
Suppose -178 + 813 = 5*c. Let f = 18 + c. Is f composite?
True
Suppose -14201 = -5*r - 5996. Is r composite?
True
Let j = 108 - 161. Is (j/(-2) + 4)*10 a composite number?
True
Let w = 3 - 8. Let y be (18/w)/(1/5). Is (-4)/y - (-1717)/9 a prime number?
True
Let d = 511 - 248. Is d prime?
True
Let h(g) = 2*g**2 - 7*g + 10. Let a be (3 - (3 + 1))/1. Let i be (3 - 2 - a) + 5. Is h(i) prime?
True
Suppose y - 2*r + 39 = 0, 2*y + 66 = -r - r. Is 6/21 + (-12975)/y composite?
True
Let o(p) = -4*p**3 - 4*p**2 + 9*p + 8. Is o(-7) composite?
True
Let x = -8 - -12. Suppose -3*o = -5*w + 2706, x*w - 2*o = 2*w + 1080. Is w a prime number?
False
Suppose -35 + 317 = 3*l. Is l a composite number?
True
Suppose -2*y - 3*l + 1877 = 0, 2*y + 2*y = -3*l + 3763. Is y a prime number?
False
Suppose t + 8 = -t. Is t*(-33)/6 + 3 composite?
True
Let k be (-2 - -2) + -3 + 3. Let m(o) = -o**2 - o. Let f be m(k). Suppose 3*u - 63 = -f*u - 3*g, 3*u - 59 = -g. Is u composite?
False
Let a(r) = -2*r**3 - 3*r**2 + 7*r + 9. Let n(z) = 3*z**3 + 5*z**2 - 13*z - 17. Let c(b) = 5*a(b) + 3*n(b). Is c(-5) prime?
True
Suppose -4*o + 72 = -1156. Is o a prime number?
True
Let w = -8 + 9. Let t(s) = -33*s**2 + s + 7. Let p(x) = 32*x**2 - x - 6. Let d(j) = 7*p(j) + 6*t(j). Is d(w) composite?
True
Let h = 879 + -497. Is h a prime number?
False
Let p(u) = 26*u**3 + u**2 - 1. Is p(2) a composite number?
False
Is (2/6)/((-2)/(-2634)) a composite number?
False
Suppose h - 52 = -14. Let g be ((-1)/(-4))/(2/(-8)). Let x = g + h. Is x a prime number?
True
Let a(v) = 2*v**3 - 2*v**2 + 3*v + 4. Suppose -3*j = -j + 10, 5*k = 3*j + 40. Is a(k) a prime number?
False
Suppose -8 = 4*k, 165 - 17 = 2*u + 5*k. Is u prime?
True
Let s(o) = -1 + 0*o + o + 8. Let z be s(-5). Is ((-266)/(-4))/(1/z) a prime number?
False
Let v(u) = -2*u**2. Let y be v(1). Let x = -7 + 6. Is y*-2*2 + x prime?
True
Suppose -4*o = -2*z + 510, 0 = z + 7*o - 2*o - 227. Is z prime?
False
Let y(q) = -6*q**2 + q - 1. Let m be y(1). Let p = -36 - -53. Let f = p + m. Is f prime?
True
Let w(i) = -316*i + 3. Is w(-10) a prime number?
True
Let j(d) = -110*d + 3. Is j(-2) a prime number?
True
Suppose -349 = -3*y + 35. Suppose -w - 3*w + y = 0. Suppose -3*u + 8 = -4*p + u, 4*u = -4*p + w. Is p a composite number?
False
Let q(x) = -x**3 + 2*x**2 + 7*x + 1. Is q(-7) a composite number?
True
Let t(q) = 30*q**2 - 5*q + 2. Is t(3) a composite number?
False
Is (-5*3/(-10))/((-2)/(-76)) a composite number?
True
Let r(t) = -186*t**2 - 2*t + 2. Let s be r(2). Is ((-3)/(-6))/((-1)/s) prime?
True
Let k = 6 - 54. Suppose 0 = -2*s - f - 0*f - 25, 0 = 3*s - 3*f + 24. Let p = s - k. Is p composite?
False
Suppose -4*p + 122 = -50. Suppose -3*m + 4*z + 10 = -43, 2*m + 5*z = p. Is m a composite number?
False
Is (-12)/(-10) + -1 + (-74382)/(-115) composite?
False
Let q(o) = -36*o - 31. Is q(-7) a composite number?
True
Let j(m) = m + 9. Let l be j(-7). Suppose 0 = 6*t - 2*t - 4*p - 76, 5*t - 107 = -p. Suppose t = k + l. Is k composite?
False
Let x(b) = -b**2 - 8*b - 4. Let s be x(-7). Suppose -5*c + 5*t + 255 = 0, -s*c = -0*c + 3*t - 153. Is c a composite number?
True
Let t = 2 - -2. Suppose x + 2*x - q = 234, -x - t*q = -91. Is x composite?
False
Let x = 8 + -4. Suppose 4*d - 318 = -x*l + 5*l, -81 = -d + l. Is d a composite number?
False
Suppose 4 = -b + 5*b. Let y be b/4 + (-9)/(-12). Is (y - 0)/(2/18) composite?
True
Suppose 655 = 3*u - 5*v, -1 = 2*v + 3. Let g = u - -164. Is g a prime number?
True
Let h = -24 - -17. Let i(p) = -7*p - 2. Is i(h) a composite number?
False
Suppose 0 = 16*i - 14*i + 980. Let d = -151 - i. Is d composite?
True
Let v(g) = 3*g**2 + 4*g. Let x be v(-3). Suppose -x = -3*w - 0*w. Suppose -w*m - 22 = -187. Is m a prime number?
False
Let w(l) = 21*l + 8. Let b = -30 + 19. Let h(c) = -106*c - 41. Let m(i) = b*w(i) - 2*h(i). Is m(-7) a prime number?
True
Let h = -71 + 41. Let j be (h/(-7))/(1/7). Suppose -2*d = 2 - j. Is d composite?
True
Let y = -371 + 640. Let c = y - 180. Is c a prime number?
True
Let v be (-4 - -2)*(-26)/4. Suppose q - v = -0*q. Is q composite?
False
Suppose 3*m = -3*p + 348, -p + 5*p - 485 = 3*m. Is p composite?
True
Let l(k) = 2*k - 9. Let p be l(7). Suppose -74 = 4*c - p*c. Is c a prime number?
False
Suppose 2*d + d = 0. Suppose d*f = -f. Is -33*(-1 - f - 0) a prime number?
False
Let p = 43 + -29. Let l = 49 - p. Is l a prime number?
False
Let u(h) = -h - 1. Let y(b) = 7*b + 14. Let t(j) = 6*u(j) + y(j). Let k be t(-8). Suppose -5*l - 23 + 208 = k. Is l composite?
False
Let w(a) = -11*a**2 + a + 2. Let c be w(3). Let q = 32 + c. Is (-4 - -5)/((-2)/q) prime?
True
Let q = -4 - -9. Is 4/q*(-555)/(-6) a composite number?
True
Let o be 1/(-3)*1*-6. Suppose -6*b + o*b + 472 = 0. Is b prime?
False
Let j be 4 - -3 - 2 - 0. Suppose 5*i - 2*r - 256 = 449, -j*r = 3*i - 392. Is i prime?
True
Let b = -435 - -734. Is b a composite number?
True
Suppose 0 = -2*x - 0*p + 2*p - 4, -22 = 3*x + 5*p. Let b = 3 - x. Suppose 5*d - 8 = -3*t, -b + 3 = t + 5*d. Is t composite?
True
Suppose 2*y + 0*y = g - 172, 2*g + 2*y = 326. Is g a composite number?
True
Suppose -2*v - 3*v + 15 = 0. Let w = -15 - -150. Suppose 0 = 4*c + v*f - 623 + 63, c = -2*f + w. Is c a composite number?
True
Let x(b) = -b + 4. Let v be x(0). Is (7/v)/((-1)/(-68)) a composite number?
True
S